{"id":18,"date":"2025-06-09T09:44:40","date_gmt":"2025-06-09T07:44:40","guid":{"rendered":"https:\/\/mediation-dessin.com\/?page_id=18"},"modified":"2025-06-22T16:18:46","modified_gmt":"2025-06-22T14:18:46","slug":"a-propos-de","status":"publish","type":"page","link":"https:\/\/mediation-dessin.com\/?page_id=18","title":{"rendered":"\u00c0 propos de"},"content":{"rendered":"\n<p>Je m&rsquo;appelle Sarah Gautier, n\u00e9e \u00e0 Pau en 1984,  je vis \u00e0 Grenoble.<\/p>\n\n\n\n<p>J&rsquo;ai suivi une formation scientifique en universit\u00e9 et je suis titulaire d&rsquo;un dipl\u00f4me de doctorat en chimie th\u00e9orique. Apr\u00e8s quelques ann\u00e9es de travail dans la recherche scientifique publique, je me tourne vers le dessin, autodidacte dans ce domaine, j&rsquo;ai d\u00e9cid\u00e9 d&rsquo;en vivre.<\/p>\n\n\n\n<p>Depuis 2019, je tiens \u00e0 jour un site internet regroupant plusieurs aspect de mon travail de dessinatrice : <a href=\"https:\/\/sarahgautier.fr\/\">sarahgautier.fr<\/a><\/p>\n\n\n\n<p>Il pr\u00e9sente entre autre une liste assez compl\u00e8te des <a href=\"https:\/\/sarahgautier.fr\/portraits-despaces\/\">\u0153uvres produites<\/a> et des <a href=\"https:\/\/sarahgautier.fr\/expositions\/\">expositions<\/a> r\u00e9alis\u00e9es. On y d\u00e9couvre des activit\u00e9s li\u00e9es \u00e0 ma pratique telles que la <a href=\"https:\/\/sarahgautier.fr\/serigraphie\/\">s\u00e9rigraphie<\/a>, les <a href=\"https:\/\/sarahgautier.fr\/cours-de-dessin\/\">cours de dessins<\/a> priv\u00e9s et l&rsquo;utilisation de nouveaux supports et formats pour mes dessins. Ce site permet \u00e9galement de voir l&rsquo;\u00e9volution de mon travail : j&rsquo;explore le th\u00e8me du portrait d&rsquo;espace en d\u00e9veloppant de nouvelles techniques mat\u00e9rielles mais aussi de nouvelles m\u00e9thodes : <a href=\"https:\/\/sarahgautier.fr\/ma-technique\/\">https:\/\/sarahgautier.fr\/ma-technique\/<\/a><\/p>\n\n\n\n<p><\/p>\n\n\n\n<h4 class=\"wp-block-heading\">Articles et pr\u00e9sentations ext\u00e9rieures :<\/h4>\n\n\n\n<p><\/p>\n\n\n\n<p><em><a href=\"https:\/\/www.ledauphine.com\/ardeche\/2019\/10\/22\/les-dessins-de-sarah-gautier-exposes-a-la-galerie-du-bosquet\">Le Dauphin\u00e9 Lib\u00e9r\u00e9 &#8211; Exposition \u00e0 Chom\u00e9rac &#8211; octobre 2019<\/a><\/em><\/p>\n\n\n\n<p><a href=\"https:\/\/www.ens-lyon.fr\/actualite\/recherche\/inauguration-des-nouveaux-locaux-du-laboratoire-de-chimie#:~:text=Lundi%2021%20octobre%202019%2C%20le,du%20site%20Monod%2C%20le%20M6.\"><em>Ecole Normale Sup\u00e9rieure de Lyon &#8211; octobre 2019<\/em><\/a><\/p>\n\n\n\n<p><em><a href=\"https:\/\/sarahgautier.fr\/vivre-a-grenoble-portrait\/\">Vivre \u00e0 Grenoble &#8211; septembre 2020<\/a><\/em><\/p>\n\n\n\n<p><em><a href=\"https:\/\/sarahgautier.fr\/france-3-alpes-me-rend-visite\/\">France 3 Grenoble &#8211; aout 2020<\/a><\/em><\/p>\n\n\n\n<p><em><a href=\"https:\/\/musees.isere.fr\/expo\/musee-hebert-salle-des-portraits-portraits-de-salles-carte-blanche-sarah-gautier\">Is\u00e8re &#8211; Le d\u00e9partement<\/a><\/em><\/p>\n\n\n\n<p><em><a href=\"https:\/\/www.ledauphine.com\/culture-loisirs\/2022\/05\/04\/isere-la-tronche-elle-croque-le-musee-hebert-jusque-sur-les-murs\">Le Dauphin\u00e9 Lib\u00e9r\u00e9 &#8211; pr\u00e9sentation exposition Mus\u00e9e H\u00e9bert &#8211; mai 2022<\/a><\/em><\/p>\n\n\n\n<p><em><a href=\"https:\/\/www.ledauphine.com\/culture-loisirs\/2025\/01\/01\/l-exposition-de-sarah-gautier-a-decouvrir-a-la-galerie-alter-art\">Le Dauphinais Lib\u00e9r\u00e9 &#8211; annonce exposition Alter-Art &#8211; janvier 2025<\/a><\/em><\/p>\n\n\n\n<p><em><a href=\"https:\/\/www.ledauphine.com\/culture-loisirs\/2025\/01\/09\/sarah-gautier-expose-ses-dessins-a-la-galerie-alter-art\">Le Dauphinais Lib\u00e9r\u00e9 &#8211; pr\u00e9sentation exposition &#8211; janvier 2025<\/a><\/em><\/p>\n\n\n\n<p><\/p>\n\n\n\n<p><\/p>\n","protected":false},"excerpt":{"rendered":"<p>Je m&rsquo;appelle Sarah Gautier, n\u00e9e \u00e0 Pau en 1984, je vis \u00e0 Grenoble. J&rsquo;ai suivi une formation scientifique en universit\u00e9 et je suis titulaire d&rsquo;un dipl\u00f4me de doctorat en chimie th\u00e9orique. Apr\u00e8s quelques ann\u00e9es de travail dans la recherche scientifique publique, je me tourne vers le dessin, autodidacte dans ce domaine, j&rsquo;ai d\u00e9cid\u00e9 d&rsquo;en vivre. [&hellip;]<\/p>\n","protected":false},"author":1,"featured_media":102,"parent":0,"menu_order":0,"comment_status":"closed","ping_status":"closed","template":"","meta":{"footnotes":""},"class_list":["post-18","page","type-page","status-publish","has-post-thumbnail","hentry"],"_links":{"self":[{"href":"https:\/\/mediation-dessin.com\/index.php?rest_route=\/wp\/v2\/pages\/18","targetHints":{"allow":["GET"]}}],"collection":[{"href":"https:\/\/mediation-dessin.com\/index.php?rest_route=\/wp\/v2\/pages"}],"about":[{"href":"https:\/\/mediation-dessin.com\/index.php?rest_route=\/wp\/v2\/types\/page"}],"author":[{"embeddable":true,"href":"https:\/\/mediation-dessin.com\/index.php?rest_route=\/wp\/v2\/users\/1"}],"replies":[{"embeddable":true,"href":"https:\/\/mediation-dessin.com\/index.php?rest_route=%2Fwp%2Fv2%2Fcomments&post=18"}],"version-history":[{"count":17,"href":"https:\/\/mediation-dessin.com\/index.php?rest_route=\/wp\/v2\/pages\/18\/revisions"}],"predecessor-version":[{"id":194,"href":"https:\/\/mediation-dessin.com\/index.php?rest_route=\/wp\/v2\/pages\/18\/revisions\/194"}],"wp:featuredmedia":[{"embeddable":true,"href":"https:\/\/mediation-dessin.com\/index.php?rest_route=\/wp\/v2\/media\/102"}],"wp:attachment":[{"href":"https:\/\/mediation-dessin.com\/index.php?rest_route=%2Fwp%2Fv2%2Fmedia&parent=18"}],"curies":[{"name":"wp","href":"https:\/\/api.w.org\/{rel}","templated":true}]}}